[INFO] fetching crate slaps 0.2.3...
[INFO] checking slaps-0.2.3 against master#9610dfe5a9a731ced1ea4923ecbd0c57fe367898 for beta-170-4
[INFO] extracting crate slaps 0.2.3 into /workspace/builds/worker-4-tc1/source
[INFO] validating manifest of crates.io crate slaps 0.2.3 on toolchain 9610dfe5a9a731ced1ea4923ecbd0c57fe367898
[INFO] running `Command { std: CARGO_HOME="/workspace/cargo-home" RUSTUP_HOME="/workspace/rustup-home" "/workspace/cargo-home/bin/cargo" "+9610dfe5a9a731ced1ea4923ecbd0c57fe367898" "metadata" "--manifest-path" "Cargo.toml" "--no-deps", kill_on_drop: false }`
[INFO] started tweaking crates.io crate slaps 0.2.3
[INFO] finished tweaking crates.io crate slaps 0.2.3
[INFO] tweaked toml for crates.io crate slaps 0.2.3 written to /workspace/builds/worker-4-tc1/source/Cargo.toml
[INFO] running `Command { std: CARGO_HOME="/workspace/cargo-home" RUSTUP_HOME="/workspace/rustup-home" __CARGO_TEST_CHANNEL_OVERRIDE_DO_NOT_USE_THIS="nightly" "/workspace/cargo-home/bin/cargo" "+9610dfe5a9a731ced1ea4923ecbd0c57fe367898" "generate-lockfile" "--manifest-path" "Cargo.toml" "-Zno-index-update", kill_on_drop: false }`
[INFO] [stderr]     Blocking waiting for file lock on package cache
[INFO] running `Command { std: CARGO_HOME="/workspace/cargo-home" RUSTUP_HOME="/workspace/rustup-home" "/workspace/cargo-home/bin/cargo" "+9610dfe5a9a731ced1ea4923ecbd0c57fe367898" "fetch" "--manifest-path" "Cargo.toml", kill_on_drop: false }`
[INFO] [stderr]  Downloading crates ...
[INFO] [stderr]   Downloaded rpassword v4.0.5
[INFO] [stderr]   Downloaded rustyline v6.3.0
[INFO] [stderr]   Downloaded dirs-next v1.0.2
[INFO] running `Command { std: "docker" "create" "-v" "/var/lib/crater-agent-workspace/builds/worker-4-tc1/target:/opt/rustwide/target:rw,Z" "-v" "/var/lib/crater-agent-workspace/builds/worker-4-tc1/source:/opt/rustwide/workdir:ro,Z" "-v" "/var/lib/crater-agent-workspace/cargo-home:/opt/rustwide/cargo-home:ro,Z" "-v" "/var/lib/crater-agent-workspace/rustup-home:/opt/rustwide/rustup-home:ro,Z" "-e" "SOURCE_DIR=/opt/rustwide/workdir" "-e" "CARGO_TARGET_DIR=/opt/rustwide/target" "-e" "CARGO_HOME=/opt/rustwide/cargo-home" "-e" "RUSTUP_HOME=/opt/rustwide/rustup-home" "-w" "/opt/rustwide/workdir" "-m" "1610612736" "--user" "0:0" "--network" "none" "ghcr.io/rust-lang/crates-build-env/linux@sha256:19e73879b68f455e41552ea35293514db52ea292d993f571636dbffedb77a1ee" "/opt/rustwide/cargo-home/bin/cargo" "+9610dfe5a9a731ced1ea4923ecbd0c57fe367898" "metadata" "--no-deps" "--format-version=1", kill_on_drop: false }`
[INFO] [stdout] 84fc2d1a698d7e7a2e16bb011164b373da8e16705e18010f97ae7025cb0dd82f
[INFO] running `Command { std: "docker" "start" "-a" "84fc2d1a698d7e7a2e16bb011164b373da8e16705e18010f97ae7025cb0dd82f", kill_on_drop: false }`
[INFO] running `Command { std: "docker" "inspect" "84fc2d1a698d7e7a2e16bb011164b373da8e16705e18010f97ae7025cb0dd82f", kill_on_drop: false }`
[INFO] running `Command { std: "docker" "rm" "-f" "84fc2d1a698d7e7a2e16bb011164b373da8e16705e18010f97ae7025cb0dd82f", kill_on_drop: false }`
[INFO] [stdout] 84fc2d1a698d7e7a2e16bb011164b373da8e16705e18010f97ae7025cb0dd82f
[INFO] running `Command { std: "docker" "create" "-v" "/var/lib/crater-agent-workspace/builds/worker-4-tc1/target:/opt/rustwide/target:rw,Z" "-v" "/var/lib/crater-agent-workspace/builds/worker-4-tc1/source:/opt/rustwide/workdir:ro,Z" "-v" "/var/lib/crater-agent-workspace/cargo-home:/opt/rustwide/cargo-home:ro,Z" "-v" "/var/lib/crater-agent-workspace/rustup-home:/opt/rustwide/rustup-home:ro,Z" "-e" "SOURCE_DIR=/opt/rustwide/workdir" "-e" "CARGO_TARGET_DIR=/opt/rustwide/target" "-e" "CARGO_INCREMENTAL=0" "-e" "RUST_BACKTRACE=full" "-e" "RUSTFLAGS=--cap-lints=forbid" "-e" "RUSTDOCFLAGS=--cap-lints=forbid" "-e" "CARGO_HOME=/opt/rustwide/cargo-home" "-e" "RUSTUP_HOME=/opt/rustwide/rustup-home" "-w" "/opt/rustwide/workdir" "-m" "1610612736" "--user" "0:0" "--network" "none" "ghcr.io/rust-lang/crates-build-env/linux@sha256:19e73879b68f455e41552ea35293514db52ea292d993f571636dbffedb77a1ee" "/opt/rustwide/cargo-home/bin/cargo" "+9610dfe5a9a731ced1ea4923ecbd0c57fe367898" "check" "--frozen" "--all" "--all-targets" "--message-format=json", kill_on_drop: false }`
[INFO] [stdout] 2d448d1397c8ac55d89a4f929f85ef8d0d29e8942882a2059cec168579ed11aa
[INFO] running `Command { std: "docker" "start" "-a" "2d448d1397c8ac55d89a4f929f85ef8d0d29e8942882a2059cec168579ed11aa", kill_on_drop: false }`
[INFO] [stderr]    Compiling libc v0.2.144
[INFO] [stderr]    Compiling memchr v2.5.0
[INFO] [stderr]    Compiling nix v0.18.0
[INFO] [stderr]    Compiling log v0.4.18
[INFO] [stderr]     Checking cfg-if v0.1.10
[INFO] [stderr]     Checking unicode-width v0.1.10
[INFO] [stderr]    Compiling nix v0.17.0
[INFO] [stderr]     Checking unicode-segmentation v1.10.1
[INFO] [stderr]     Checking void v1.0.2
[INFO] [stderr]     Checking vec_map v0.8.2
[INFO] [stderr]     Checking ansi_term v0.12.1
[INFO] [stderr]     Checking either v1.8.1
[INFO] [stderr]     Checking strsim v0.8.0
[INFO] [stderr]     Checking regex-syntax v0.7.2
[INFO] [stderr]     Checking utf8parse v0.2.1
[INFO] [stderr]     Checking lazy_static v1.4.0
[INFO] [stderr]     Checking textwrap v0.11.0
[INFO] [stderr]     Checking itertools v0.9.0
[INFO] [stderr]     Checking aho-corasick v1.0.1
[INFO] [stderr]     Checking dirs-sys-next v0.1.2
[INFO] [stderr]     Checking atty v0.2.14
[INFO] [stderr]     Checking rpassword v4.0.5
[INFO] [stderr]     Checking clap v2.34.0
[INFO] [stderr]     Checking dirs-next v1.0.2
[INFO] [stderr]     Checking regex v1.8.3
[INFO] [stderr]     Checking rustyline v6.3.0
[INFO] [stderr]     Checking slaps v0.2.3 (/opt/rustwide/workdir)
[INFO] [stdout] error[E0308]: mismatched types
[INFO] [stdout]    --> src/error.rs:128:53
[INFO] [stdout]     |
[INFO] [stdout] 128 |             RustylineError::Errno(e) => Self::Errno(e),
[INFO] [stdout]     |                                         ----------- ^ expected `nix::Error`, found a different `nix::Error`
[INFO] [stdout]     |                                         |
[INFO] [stdout]     |                                         arguments to this enum variant are incorrect
[INFO] [stdout]     |
[INFO] [stdout]     = note: `nix::Error` and `nix::Error` have similar names, but are actually distinct types
[INFO] [stdout] note: `nix::Error` is defined in crate `nix`
[INFO] [stdout]    --> /opt/rustwide/cargo-home/registry/src/index.crates.io-6f17d22bba15001f/nix-0.18.0/src/lib.rs:97:1
[INFO] [stdout]     |
[INFO] [stdout] 97  | pub enum Error {
[INFO] [stdout]     | ^^^^^^^^^^^^^^
[INFO] [stdout] note: `nix::Error` is defined in crate `nix`
[INFO] [stdout]    --> /opt/rustwide/cargo-home/registry/src/index.crates.io-6f17d22bba15001f/nix-0.17.0/src/lib.rs:100:1
[INFO] [stdout]     |
[INFO] [stdout] 100 | pub enum Error {
[INFO] [stdout]     | ^^^^^^^^^^^^^^
[INFO] [stdout]     = note: perhaps two different versions of crate `nix` are being used?
[INFO] [stdout] note: tuple variant defined here
[INFO] [stdout]    --> src/error.rs:82:5
[INFO] [stdout]     |
[INFO] [stdout] 82  |     Errno(nix::Error),
[INFO] [stdout]     |     ^^^^^
[INFO] [stdout] 
[INFO] [stdout] 
[INFO] [stdout] error: aborting due to previous error
[INFO] [stdout] 
[INFO] [stdout] 
[INFO] [stdout] For more information about this error, try `rustc --explain E0308`.
[INFO] [stdout] 
[INFO] [stderr] error: could not compile `slaps` (lib) due to 2 previous errors
[INFO] [stderr] warning: build failed, waiting for other jobs to finish...
[INFO] [stdout] error[E0308]: mismatched types
[INFO] [stdout]    --> src/error.rs:128:53
[INFO] [stdout]     |
[INFO] [stdout] 128 |             RustylineError::Errno(e) => Self::Errno(e),
[INFO] [stdout]     |                                         ----------- ^ expected `nix::Error`, found a different `nix::Error`
[INFO] [stdout]     |                                         |
[INFO] [stdout]     |                                         arguments to this enum variant are incorrect
[INFO] [stdout]     |
[INFO] [stdout]     = note: `nix::Error` and `nix::Error` have similar names, but are actually distinct types
[INFO] [stdout] note: `nix::Error` is defined in crate `nix`
[INFO] [stdout]    --> /opt/rustwide/cargo-home/registry/src/index.crates.io-6f17d22bba15001f/nix-0.18.0/src/lib.rs:97:1
[INFO] [stdout]     |
[INFO] [stdout] 97  | pub enum Error {
[INFO] [stdout]     | ^^^^^^^^^^^^^^
[INFO] [stdout] note: `nix::Error` is defined in crate `nix`
[INFO] [stdout]    --> /opt/rustwide/cargo-home/registry/src/index.crates.io-6f17d22bba15001f/nix-0.17.0/src/lib.rs:100:1
[INFO] [stdout]     |
[INFO] [stdout] 100 | pub enum Error {
[INFO] [stdout]     | ^^^^^^^^^^^^^^
[INFO] [stdout]     = note: perhaps two different versions of crate `nix` are being used?
[INFO] [stdout] note: tuple variant defined here
[INFO] [stdout]    --> src/error.rs:82:5
[INFO] [stdout]     |
[INFO] [stdout] 82  |     Errno(nix::Error),
[INFO] [stdout]     |     ^^^^^
[INFO] [stdout] 
[INFO] [stdout] 
[INFO] [stdout] error[E0308]: mismatched types
[INFO] [stdout]    --> src/error.rs:206:67
[INFO] [stdout]     |
[INFO] [stdout] 206 |             let error = ReadlineError::from(RustylineError::Errno(nix::Error::Sys(Errno::E2BIG)));
[INFO] [stdout]     |                                             --------------------- ^^^^^^^^^^^^^^^^^^^^^^^^^^^^^ expected `nix::Error`, found a different `nix::Error`
[INFO] [stdout]     |                                             |
[INFO] [stdout]     |                                             arguments to this enum variant are incorrect
[INFO] [stdout]     |
[INFO] [stdout]     = note: `nix::Error` and `nix::Error` have similar names, but are actually distinct types
[INFO] [stdout] note: `nix::Error` is defined in crate `nix`
[INFO] [stdout]    --> /opt/rustwide/cargo-home/registry/src/index.crates.io-6f17d22bba15001f/nix-0.17.0/src/lib.rs:100:1
[INFO] [stdout]     |
[INFO] [stdout] 100 | pub enum Error {
[INFO] [stdout]     | ^^^^^^^^^^^^^^
[INFO] [stdout] note: `nix::Error` is defined in crate `nix`
[INFO] [stdout]    --> /opt/rustwide/cargo-home/registry/src/index.crates.io-6f17d22bba15001f/nix-0.18.0/src/lib.rs:97:1
[INFO] [stdout]     |
[INFO] [stdout] 97  | pub enum Error {
[INFO] [stdout]     | ^^^^^^^^^^^^^^
[INFO] [stdout]     = note: perhaps two different versions of crate `nix` are being used?
[INFO] [stdout] note: tuple variant defined here
[INFO] [stdout]    --> /opt/rustwide/cargo-home/registry/src/index.crates.io-6f17d22bba15001f/rustyline-6.3.0/src/error.rs:26:5
[INFO] [stdout]     |
[INFO] [stdout] 26  |     Errno(nix::Error),
[INFO] [stdout]     |     ^^^^^
[INFO] [stdout] 
[INFO] [stdout] 
[INFO] [stdout] error[E0308]: mismatched types
[INFO] [stdout]    --> src/error.rs:210:39
[INFO] [stdout]     |
[INFO] [stdout] 210 |                 RustylineError::Errno(nix::Error::Sys(Errno::E2BIG)).to_string()
[INFO] [stdout]     |                 --------------------- ^^^^^^^^^^^^^^^^^^^^^^^^^^^^^ expected `nix::Error`, found a different `nix::Error`
[INFO] [stdout]     |                 |
[INFO] [stdout]     |                 arguments to this enum variant are incorrect
[INFO] [stdout]     |
[INFO] [stdout]     = note: `nix::Error` and `nix::Error` have similar names, but are actually distinct types
[INFO] [stdout] note: `nix::Error` is defined in crate `nix`
[INFO] [stdout]    --> /opt/rustwide/cargo-home/registry/src/index.crates.io-6f17d22bba15001f/nix-0.17.0/src/lib.rs:100:1
[INFO] [stdout]     |
[INFO] [stdout] 100 | pub enum Error {
[INFO] [stdout]     | ^^^^^^^^^^^^^^
[INFO] [stdout] note: `nix::Error` is defined in crate `nix`
[INFO] [stdout]    --> /opt/rustwide/cargo-home/registry/src/index.crates.io-6f17d22bba15001f/nix-0.18.0/src/lib.rs:97:1
[INFO] [stdout]     |
[INFO] [stdout] 97  | pub enum Error {
[INFO] [stdout]     | ^^^^^^^^^^^^^^
[INFO] [stdout]     = note: perhaps two different versions of crate `nix` are being used?
[INFO] [stdout] note: tuple variant defined here
[INFO] [stdout]    --> /opt/rustwide/cargo-home/registry/src/index.crates.io-6f17d22bba15001f/rustyline-6.3.0/src/error.rs:26:5
[INFO] [stdout]     |
[INFO] [stdout] 26  |     Errno(nix::Error),
[INFO] [stdout]     |     ^^^^^
[INFO] [stdout] 
[INFO] [stdout] 
[INFO] [stdout] error: aborting due to 3 previous errors
[INFO] [stdout] 
[INFO] [stdout] 
[INFO] [stdout] For more information about this error, try `rustc --explain E0308`.
[INFO] [stdout] 
[INFO] [stderr] error: could not compile `slaps` (lib test) due to 4 previous errors
[INFO] running `Command { std: "docker" "inspect" "2d448d1397c8ac55d89a4f929f85ef8d0d29e8942882a2059cec168579ed11aa", kill_on_drop: false }`
[INFO] running `Command { std: "docker" "rm" "-f" "2d448d1397c8ac55d89a4f929f85ef8d0d29e8942882a2059cec168579ed11aa", kill_on_drop: false }`
[INFO] [stdout] 2d448d1397c8ac55d89a4f929f85ef8d0d29e8942882a2059cec168579ed11aa
